{"id":80,"date":"2019-03-17T15:47:58","date_gmt":"2019-03-17T14:47:58","guid":{"rendered":"http:\/\/peycon.ch\/?page_id=80"},"modified":"2025-01-24T18:58:12","modified_gmt":"2025-01-24T17:58:12","slug":"amateurfunk-hb9zgl","status":"publish","type":"page","link":"https:\/\/peycon.ch\/?page_id=80","title":{"rendered":"Amateurfunk HB9ZGL"},"content":{"rendered":"\n<h4 class=\"wp-block-heading\">Der erste Kontakt mit Amateurfunk<\/h4>\n\n\n\n<p>Amateurfunk ist ein technisches Hobby das Leute mit Interesse an Elektronik und Kommunikation zusammen bringt. Wahrscheinlich ist beinahe jeder schon einmal bewusst oder unbewusst mit Amateurfunk \u201ein Kontakt\u201c gekommen. Wer mit offenen Augen durch St\u00e4dte und D\u00f6rfer geht und den Blick aufmerksam \u00fcber die D\u00e4cher schweifen l\u00e4sst, hat meistens schnell Erfolg. Amateurfunkstationen ben\u00f6tigen Antennen, Dr\u00e4hte, vertikale St\u00e4be oder auff\u00e4llige, oft recht umfangreiche Konstruktionen. Amateurfunker sind offen und gerne bereit Fragen zu beantworten. Ideal ist der pers\u00f6nliche Kontakt mit einem aktiven Amateurfunker, der sicher gerne Auskunft gibt und Zutritt zur Funkstation gew\u00e4hrt.<\/p>\n\n\n<div class=\"wp-block-image wp-block-image alignleft is-resized\">\n<figure class=\"\"><img loading=\"lazy\" decoding=\"async\" width=\"300\" height=\"225\" src=\"http:\/\/peycon.ch\/wp-content\/uploads\/2019\/03\/beam-300x225.jpg\" alt=\"\" class=\"wp-image-119\" srcset=\"https:\/\/peycon.ch\/wp-content\/uploads\/2019\/03\/beam-300x225.jpg 300w, https:\/\/peycon.ch\/wp-content\/uploads\/2019\/03\/beam.jpg 640w\" sizes=\"auto, (max-width: 300px) 100vw, 300px\" \/><\/figure><\/div>\n\n\n<p><\/p>\n\n\n\n<p><\/p>\n\n\n\n<p><\/p>\n\n\n\n<figure class=\"wp-block-image is-resized\"><img decoding=\"async\" src=\"https:\/\/www.uska.ch\/wp-content\/uploads\/2016\/04\/USKA-Notfunk-Schweiz-v2-300x200.jpg\" alt=\"\" style=\"aspect-ratio:1.5037593984962405;width:268px;height:auto\"\/><\/figure>\n\n\n\n<p><\/p>\n\n\n\n<p>Weltweit gibt es \u00fcber 2 000 000 Funkamateure; in der Schweiz knapp 4000. Amateurfunk ist \u2013 anders als der weit verbreitete CB- Funk \u2013 ein international anerkannter Funkdienst, wie z.B. Seefunkdienst, Flugfunkdienst oder Sicherheitsfunkdienst. Amateurfunkaussendungen darf jeder h\u00f6ren. Senden darf jedoch nur ein Funkamateur, der eine amtliche Pr\u00fcfung beim Bundesamt f\u00fcr Kommunikation (BAKOM) bestanden und eine amtliche Zulassung erhalten hat. Die meisten Funkamateure betreiben ihr Hobby von zu Hause aus. F\u00fcr viele behinderte Funkamateure ist das Funken die ideale und manchmal einzige M\u00f6glichkeit, zu kommunizieren. Auch bei Naturkatastrophen wie Erdbeben, in durch Schnee und Eis abgeschnittenen Gebieten, bei Lawinenungl\u00fccken oder in Notsituationen bei Unf\u00e4llen kann der Funkamateur die letzte noch funktionierende Verbindung zur Aussenwelt sein, weil alle anderen Kommunikationsmittel (Netz- und Mobiltelefonie, Internet) ausgefallen sind und beh\u00f6rdliche Funknetze zu geringe Reichweiten haben. Amateurfunk wird weltweit w\u00e4hrend 24 Stunden am Tag und 365 Tage im Jahr betrieben. Es sind immer viele Funkamateure erreichbar. Zudem besteht eine fl\u00e4chendeckende, von Funkamateuren erstellte und gepflegte Infrastruktur von Relaisstationen und sogar Satelliten. Mit HAMNET haben Funkamateure ein eigenes \u201eInternet\u201c aufgebaut, dass im Notfall autark funktioniert. Mit Hilfe einer autarken Sende- und Empfangsanlage (Batterie, Generator, Solarzellen) eines Funkamateurs besteht die M\u00f6glichkeit, aus einer \u2013 zum Beispiel durch eine infolge einer Umweltweltkatastrophe isolierten Region \u2013 den Kontakt nach aussen aufrecht zu halten. Beh\u00f6rdliche oder private Nachrichten k\u00f6nnen so gesendet und empfangen sowie notwendige Hilfe angefordert und koordiniert werden. Amateurfunkvereinigungen (In der Schweiz die Union der Schweizerischen Kurzwellen Amateure \u2013 USKA) arbeiten mit den zust\u00e4ndigen Beh\u00f6rden zusammen, um neue Notfallkonzepte zu erarbeiten und bestehende zu optimieren.<\/p>\n\n\n\n<p><\/p>\n\n\n\n<p><\/p>\n\n\n\n<p>Die USKA Union Schweizerischer Kurzwellen Amateure unter www.uska.ch steht Ihnen gerne zur Verf\u00fcgung<\/p>\n\n\n\n<p>Bruno Peyer ist lizenzierter und vom BAKOM gepr\u00fcfter Amateurfunker mit dem Rufzeichen HB9ZGL.<\/p>\n\n\n\n<p><\/p>\n","protected":false},"excerpt":{"rendered":"<p>Der erste Kontakt mit Amateurfunk Amateurfunk ist ein technisches Hobby das Leute mit Interesse an Elektronik und Kommunikation zusammen bringt. Wahrscheinlich ist beinahe jeder schon einmal bewusst oder unbewusst mit Amateurfunk \u201ein Kontakt\u201c gekommen. Wer mit offenen Augen durch St\u00e4dte und D\u00f6rfer geht und den Blick aufmerksam \u00fcber die D\u00e4cher schweifen l\u00e4sst, hat meistens schnell<\/p><\/div>\n<div class=\"blog-btn\"><a href=\"https:\/\/peycon.ch\/?page_id=80\" class=\"home-blog-btn\">Weiterlesen<\/a><\/p>\n","protected":false},"author":2,"featured_media":0,"parent":0,"menu_order":0,"comment_status":"closed","ping_status":"closed","template":"","meta":{"footnotes":""},"class_list":["post-80","page","type-page","status-publish","hentry"],"_links":{"self":[{"href":"https:\/\/peycon.ch\/index.php?rest_route=\/wp\/v2\/pages\/80","targetHints":{"allow":["GET"]}}],"collection":[{"href":"https:\/\/peycon.ch\/index.php?rest_route=\/wp\/v2\/pages"}],"about":[{"href":"https:\/\/peycon.ch\/index.php?rest_route=\/wp\/v2\/types\/page"}],"author":[{"embeddable":true,"href":"https:\/\/peycon.ch\/index.php?rest_route=\/wp\/v2\/users\/2"}],"replies":[{"embeddable":true,"href":"https:\/\/peycon.ch\/index.php?rest_route=%2Fwp%2Fv2%2Fcomments&post=80"}],"version-history":[{"count":14,"href":"https:\/\/peycon.ch\/index.php?rest_route=\/wp\/v2\/pages\/80\/revisions"}],"predecessor-version":[{"id":154,"href":"https:\/\/peycon.ch\/index.php?rest_route=\/wp\/v2\/pages\/80\/revisions\/154"}],"wp:attachment":[{"href":"https:\/\/peycon.ch\/index.php?rest_route=%2Fwp%2Fv2%2Fmedia&parent=80"}],"curies":[{"name":"wp","href":"https:\/\/api.w.org\/{rel}","templated":true}]}}