{"id":41,"date":"2019-03-17T14:44:33","date_gmt":"2019-03-17T13:44:33","guid":{"rendered":"http:\/\/peycon.ch\/?page_id=41"},"modified":"2019-03-17T14:53:54","modified_gmt":"2019-03-17T13:53:54","slug":"referenzen","status":"publish","type":"page","link":"https:\/\/peycon.ch\/?page_id=41","title":{"rendered":"Referenzen"},"content":{"rendered":"\n<p>Bei allen Projekten und Auftr\u00e4gen arbeitet Bruno Peyer pers\u00f6nlich mit und bringt seine<br>Fachkompetenz ein.<\/p>\n\n\n\n<p>Je nach Auftrag wird in einem Team, bestehend aus weiteren Fachspezialisten,<br>gearbeitet. Damit erreichen wir h\u00f6chste Qualit\u00e4t und stellen die erforderliche Kontinuit\u00e4t sicher.<\/p>\n\n\n\n<p>Ausgezeichnete Referenzen sind unser Stolz. Wir sind motiviert und freuen uns, wirtschaftliche Gesamtl\u00f6sungen in Sicherheitsfragen anzubieten.<\/p>\n\n\n\n<p>Unsere Kunden: Staatsbanken, Kantonalbanken, Regionalbanken, Flugsicherungsgesellschaft, Post, Swisscom, SBB, Museum, Industrie und Gewerbe verschiedenster Branchen.\n\n<\/p>\n","protected":false},"excerpt":{"rendered":"<p>Bei allen Projekten und Auftr\u00e4gen arbeitet Bruno Peyer pers\u00f6nlich mit und bringt seineFachkompetenz ein. Je nach Auftrag wird in einem Team, bestehend aus weiteren Fachspezialisten,gearbeitet. Damit erreichen wir h\u00f6chste Qualit\u00e4t und stellen die erforderliche Kontinuit\u00e4t sicher. Ausgezeichnete Referenzen sind unser Stolz. Wir sind motiviert und freuen uns, wirtschaftliche Gesamtl\u00f6sungen in Sicherheitsfragen anzubieten. Unsere Kunden: Staatsbanken,<\/p><\/div>\n<div class=\"blog-btn\"><a href=\"https:\/\/peycon.ch\/?page_id=41\" class=\"home-blog-btn\">Weiterlesen<\/a><\/p>\n","protected":false},"author":2,"featured_media":0,"parent":0,"menu_order":0,"comment_status":"closed","ping_status":"closed","template":"","meta":{"footnotes":""},"class_list":["post-41","page","type-page","status-publish","hentry"],"_links":{"self":[{"href":"https:\/\/peycon.ch\/index.php?rest_route=\/wp\/v2\/pages\/41","targetHints":{"allow":["GET"]}}],"collection":[{"href":"https:\/\/peycon.ch\/index.php?rest_route=\/wp\/v2\/pages"}],"about":[{"href":"https:\/\/peycon.ch\/index.php?rest_route=\/wp\/v2\/types\/page"}],"author":[{"embeddable":true,"href":"https:\/\/peycon.ch\/index.php?rest_route=\/wp\/v2\/users\/2"}],"replies":[{"embeddable":true,"href":"https:\/\/peycon.ch\/index.php?rest_route=%2Fwp%2Fv2%2Fcomments&post=41"}],"version-history":[{"count":2,"href":"https:\/\/peycon.ch\/index.php?rest_route=\/wp\/v2\/pages\/41\/revisions"}],"predecessor-version":[{"id":59,"href":"https:\/\/peycon.ch\/index.php?rest_route=\/wp\/v2\/pages\/41\/revisions\/59"}],"wp:attachment":[{"href":"https:\/\/peycon.ch\/index.php?rest_route=%2Fwp%2Fv2%2Fmedia&parent=41"}],"curies":[{"name":"wp","href":"https:\/\/api.w.org\/{rel}","templated":true}]}}